15 - -211183?
210467
In base 11, what is 3180 + 5594a?
5901a
In base 11, what is -68274633 + 4?
-6827462a
In base 10, what is -3757339 - 3?
-3757342
In base 16, what is -2492 - 31a?
-27ac
In base 11, what is -104059 - -71?
-103a98
In base 6, what is -5042 + 2445014?
2435532
In base 5, what is 224021211202 - 4?
224021211143
In base 8, what is -52630 - 155?
-53005
In base 3, what is 200112 - -222222111?
1000200000
In base 4, what is -220331010312 - -130?
-220331010122
In base 4, what is -220222 + 231131?
10303
In base 5, what is 12413212 + -42?
12413120
In base 13, what is 1c1 - -355279?
35546a
In base 7, what is 50 + -110640?
-110560
In base 5, what is -1123213444 - -14?
-1123213430
In base 11, what is 8221a + -aa?
82120
In base 6, what is -2522122 + 10254?
-2511424
In base 6, what is 54425352 + 14?
54425410
In base 14, what is 36508 + -c6?
36422
In base 15, what is -1a + d0bdb?
d0bc1
In base 2, what is 1 + 1010111011000101000110101?
1010111011000101000110110
In base 9, what is 2153427 + 2?
2153430
In base 4, what is 132 + 3313010230223?
3313010231021
In base 14, what is -11c3 - 23b2?
-3595
In base 12, what is -260313 + -8?
-26031b
In base 2, what is -10011000110100000011011011000 - 100?
-10011000110100000011011011100
In base 8, what is -510 - -47012?
46302
In base 4, what is -23 - 13130133221?
-13130133310
In base 3, what is -11 + 20210011111211?
20210011111200
In base 16, what is -a - 605e22?
-605e2c
In base 15, what is -5e49b4 + -1?
-5e49b5
In base 9, what is 1 + 1077546?
1077547
In base 6, what is 3 - -2212220515?
2212220522
In base 5, what is -2 - -1133424101?
1133424044
In base 15, what is 339 + -9770?
-9436
In base 6, what is -545231202 - -30?
-545231132
In base 10, what is -1576715 + -23?
-1576738
In base 11, what is -2a7 + a915?
a619
In base 13, what is -6 + -9735423?
-9735429
In base 16, what is 4 + 1f4969c?
1f496a0
In base 3, what is 102102100202 - 21211?
102102001221
In base 11, what is -24a5 - 3051?
-5546
In base 10, what is 1 + 138047540?
138047541
In base 6, what is 4053312 - -434?
4054150
In base 15, what is -47677d + -10?
-47678d
In base 10, what is 1406 + 52642?
54048
In base 2, what is -1101101000 + -10010000100101111?
-10010010010010111
In base 14, what is -507bdb - -4?
-507bd7
In base 4, what is 1 + 33212032133?
33212032200
In base 5, what is 104344 - 121424?
-12030
In base 6, what is 5 - -53300425?
53300434
In base 8, what is 2500022 - -52?
2500074
In base 12, what is -3085a53 + b?
-3085a44
In base 13, what is 282c47 - 30?
282c17
In base 12, what is 2 + -4262870?
-426286a
In base 4, what is 10033323 + -10023?
10023300
In base 10, what is -10430 - -42?
-10388
In base 15, what is 2251d - 74?
22499
In base 16, what is -1ac95190 + -5?
-1ac95195
In base 2, what is 100 + 11110100111000110010?
11110100111000110110
In base 12, what is 126bb + 14810?
2730b
In base 2, what is 100010101001101000 + -10010110100?
100010010110110100
In base 6, what is 54 + 24433500?
24433554
In base 6, what is 1444231521 + -5?
1444231512
In base 11, what is -417 - 1a77?
-2393
In base 11, what is 13a888894 + 4?
13a888898
In base 2, what is -110111100001111 + 1101110110?
-110101110011001
In base 13, what is 753b5b + 0?
753b5b
In base 2, what is 1 + -10001001001101001000001?
-10001001001101001000000
In base 9, what is 4 - -613338522?
613338526
In base 2, what is -1100010 - 10111111101010101111110?
-10111111101010111100000
In base 9, what is 271334027 - -1?
271334028
In base 8, what is 3322431 - -6?
3322437
In base 5, what is 311101432113 - 0?
311101432113
In base 3, what is 21212220 - 100200?
21112020
In base 13, what is 255090 + 34?
2550c4
In base 8, what is 1527 + 6201?
7730
In base 12, what is 2aa90 - 154?
2a938
In base 15, what is -10 - -2c97a0?
2c9790
In base 3, what is 11001221212 - -121101?
11002120020
In base 13, what is ca67 + -199?
c89b
In base 16, what is 135ed83 - 3?
135ed80
In base 12, what is 20135 + 62?
20197
In base 9, what is -57 + -4000625?
-4000683
In base 11, what is -3 + 63aa876?
63aa873
In base 11, what is -10150206 - 0?
-10150206
In base 11, what is -39 - 1543705?
-1543743
In base 4, what is 2 + 10232201212?
10232201220
In base 7, what is -1302015461 - 1?
-1302015462
In base 7, what is 45036 + -4034?
41002
In base 3, what is -22100 + 201012000?
200212200
In base 3, what is 2 - 2122121021100?
-2122121021021
In base 5, what is -2412423044 - 4?
-2412423103
In base 12, what is 1360488 - 0?
1360488
In base 10, what is 14842 + 489?
15331
In base 16, what is -dc3490 - 1?
-dc3491
In base 14, what is 9 - 147048?
-14703d
In base 15, what is -5 + 1be8a5?
1be8a0
In base 13, what is 1963 - 18b27?
-17194
In base 3, what is -10122 - -1201021010?
1201010111
In base 14, what is -7b1b5a4 + -1?
-7b1b5a5
In base 5, what is -3 + -244122041?
-244122044
In base 6, what is -2553405424 + 4?
-2553405420
In base 16, what is 61f8366 + 2?
61f8368
In base 7, what is 30022 + -16662?
10030
In base 13, what is -37 - -239cc0?
239c86
In base 9, what is -766506670 + -4?
-766506674
In base 2, what is -10000001010101100010 - -10100111011?
-10000001000000100111
In base 12, what is 24 - 25324?
-25300
In base 8, what is -27212 + -1737?
-31151
In base 10, what is 203463 - -150?
203613
In base 5, what is 443211023002 - -3?
443211023010
In base 8, what is -1 - 26563635?
-26563636
In base 5, what is -22 - -4420422212?
4420422140
In base 11, what is 12037 + -322?
11815
In base 11, what is -33 + 95960?
95928
In base 10, what is 33518537 - -4?
33518541
In base 11, what is 3675a7a + -2?
3675a78
In base 12, what is 52 + -328244?
-3281b2
In base 7, what is -45626501 - 5?
-45626506
In base 15, what is 336d - 381?
2edc
In base 7, what is -5 + -1614116154?
-1614116162
In base 12, what is 297 + -a5b3?
-a318
In base 12, what is -165325a3 - 1?
-165325a4
In base 12, what is 78b7a + -68b9?
72281
In base 8, what is 20 - 42340010?
-42337770
In base 4, what is -3300 - 212333230?
-213003130
In base 11, what is -2 + 713563?
713561
In base 7, what is 1315 + -20154?
-15536
In base 10, what is -2 + 247804787?
247804785
In base 3, what is -2012200210121121111 + 12?
-2012200210121121022
In base 5, what is -31433111 - 4433?
-31443044
In base 13, what is -4669c - 95?
-46764
In base 4, what is 113223 + -302231?
-123002
In base 15, what is -11632ad2d - 2?
-11632ad30
In base 5, what is -133 + 14244244?
14244111
In base 7, what is -20 + -6442523?
-6442543
In base 2, what is -1100111001010110101111 - 110?
-1100111001010110110101
In base 14, what is 13 + 43d5da9?
43d5dbc
In base 11, what is -3a4811 + 20?
-3a47a1
In base 4, what is 1223223 + 100130020?
102013303
In base 5, what is -434042441 + 2?
-434042434
In base 13, what is -1299aaa + 8?
-1299aa2
In base 13, what is 8c40562 - -6?
8c40568
In base 7, what is 26023440 + 15?
26023455
In base 4, what is 1133312201211 + 11?
1133312201222
In base 4, what is 130223203023000 - -1?
130223203023001
In base 15, what is 42 + bd957?
bd999
In base 14, what is 1359 - a378?
-901d
In base 3, what is -1112022001121 - -111?
-1112022001010
In base 6, what is -2045 - -314231?
312142
In base 13, what is -3a16a6c - 2?
-3a16a71
In base 14, what is -31aa50a + -15?
-31aa521
In base 16, what is 2 + a49742?
a49744
In base 10, what is -283 + 1670?
1387
In base 6, what is -311 + -4244210?
-4244521
In base 12, what is -1 + -1812881?
-1812882
In base 15, what is 162 + 2020?
2182
In base 15, what is -9 + 33d2eb?
33d2e2
In base 14, what is 3bd2 + 5a84?
9876
In base 12, what is a9 + -ba551?
-ba464
In base 6, what is -41255115032 + 3?
-41255115025
In base 12, what is -1a4a4ab + 7?
-1a4a4a4
In base 14, what is -647a5 - 2?
-647a7
In base 10, what is 13 + -244294?
-244281
In base 16, what is c - -34f89e9?
34f89f5
In base 6, what is -5 - -150255422?
150255413
In base 5, what is 1122022044 - 21?
1122022023
In base 8, what is -3 + 17434171?
17434166
In base 9, what is 6 + -671755?
-671748
In base 6, what is -33354533 - 105?
-33355042
In base 2, what is 1111 + -10000100000101001111100?
-10000100000101001101101
In base 4, what is -1 + 20022222323?
20022222322
In base 9, what is 7823 + 8810?
17733
In base 10, what is -2839921 + -3?
-2839924
In base 6, what is 14045100 + -1?
14045055
In base 6, what is -1232445 - 21?
-1232510
In base 11, what is 6 - -155592a61?
155592a67
In base 9, what is -166 + -